8
-238 - -7 - -213 - (0 + -137)
119
What is the value of 27 + -1 + 3 - (-6 + -21 - -52 - 31)?
35
Calculate -51 - (51 - (-45 - -141)).
-6
51 - (-12 - (8 + 3 - (10 + 28 - 0)))
36
Calculate -8 - -1 - (2665 - 2692).
20
What is the value of -16 + (0 - -16) + (522 - 496)?
26
What is the value of -19 - (0 + (-11 - -2) + -7)?
-3
170 + (94 - 131) - 7
126
Evaluate 24 - -27 - 51 - 21.
-21
What is the value of (31 + -77 - -47) + 69?
70
What is the value of -121 + 322 + -273 - (-3 + 0 - (1 + -12))?
-80
What is the value of 38 - (-11 + (5 - -8) - 11 - -12)?
35
Evaluate (-14967 - -15033) + (-1 - -6).
71
Calculate -102 + (58 - 3) + 27.
-20
What is (-1 + -1 - -7) + (-29 - -1)?
-23
Evaluate 9 + -4 + -87 + 106 - 101.
-77
What is 21 - ((53 - 106) + 93)?
-19
What is the value of (-52 - -6) + (20 - 23 - (-17 + 0))?
-32
Evaluate 42 + -47 + -53 - -124.
66
Calculate (6 - (4 - 7)) + -23 + 67.
53
Evaluate 0 + (6 - 20) + (-9 - 11).
-34
Evaluate (-13 - 0 - (-90 + 80)) + 1 + 1 + -3.
-4
What is the value of 12 + 5 + -29 + 13 + 29 + -2?
28
What is 2 - (-27 + (-8 - -24)) - 51?
-38
What is 75 + (-34 - 24) + (-1 - 122) + 2?
-104
What is the value of 12 + -2 + 4 + -7 + -23 + -4?
-20
Calculate 11 + -14 + (9 - -2) - (7 - -2).
-1
Evaluate -2 + (0 - (2 - -9)) + 20 + -6 - -11.
12
What is the value of (0 - 44) + (4769 - 4774)?
-49
Evaluate (-15 - 1) + (347 - 371).
-40
What is the value of 0 - (7 - 7) - (0 + -16 + (1 - -2))?
13
Evaluate 5 - (18 - (-4 - (7 + -11) - 6)).
-19
Evaluate 53 - (-2583 + 2609 - (2 - (-10 - 0))).
39
-10 - ((1292 - 1284) + (6 - 1) + (1 - 25))
1
(-36 - -46 - 62) + 69
17
What is the value of 24 - (7 + (24 - 41))?
34
Calculate 21 + (1 - 19) + -82 + 113.
34
What is -1 + 22 + (-122 - (-58 - 34))?
-9
What is the value of -735 - -742 - (-24 + (6 - -1))?
24
What is 18 - (3 + 1) - (-554 - -555)?
13
1 + -36 + (76 - 43) + -34
-36
Evaluate (5 - 28 - -2) + 29 + -7.
1
What is (-107 - -32) + -238 + 294?
-19
Calculate -294 - -290 - (-45 + -22).
63
What is the value of -17 + 1 + (-296 - -325)?
13
-36 + 79 + -72 - (-138 + 2)
107
What is the value of -34 + 29 + -10 + -10?
-25
(1 + 3 - -1) + -19 + -9 + 19 + 31
27
What is the value of -11 + (52 - 9) - 75 - (1 - -17)?
-61
Calculate 7816 + -7879 + (45 - -1).
-17
What is 0 + (4419 - 4362) + (0 - 10) + (1 - 0)?
48
Calculate 13 - -1 - (-148 - (-325 - -170)).
7
Calculate -20 + -8 + 16 + (-1 - (7 - 5)).
-15
What is the value of -24 + 18 + (134 - 154)?
-26
What is the value of 68 + (6 - (16 - (17 - 7)) - 4)?
64
What is 23 + (1 - 0) + (-213 - (-163 - 42))?
16
Evaluate 5 + 9 + 19 + -22 + -6.
5
2 + (-71 - -20) - (-1 + (6 - -4 - 18))
-40
Calculate 2 + 66 + -4578 + 4476.
-34
Calculate -12 + -7 + -9 + 39.
11
What is -16 + (-13 + 21 + -11 - -29) + (25 - 0)?
35
Calculate 20 + (-19 + -7 - (-3 + 48 - 35)).
-16
What is the value of (-18 - (-6 + -31)) + (1 - 9)?
11
What is 42 + (5 - 78) - (2 + 8 + 3)?
-44
Evaluate 19 - 9 - (-22 + (10 - 6) + -1).
29
88 + 0 - (-175 - (43 + -251))
55
Calculate 41 + -106 - (23 + 12 + -30).
-70
What is 51 - (56 - (21 - -16) - 0)?
32
Calculate -22 + 1 + 0 - (-418 - -420).
-23
What is the value of (1 + -4 - (220 + -157)) + (3 - -1)?
-62
Calculate (-71 - (-33 + -21)) + 1 + -48 + -5.
-69
What is 44 - 20 - 8 - 3 - 0?
13
Evaluate -8 - (3 + -8 + 7 - ((23 - 12) + -7)).
-6
Evaluate 24 - (4 + 18) - (4 + -1 + 5 + -103).
97
Calculate -14 - -10 - 1 - (-39 + 50).
-16
Calculate -4 + (-10 - -10) + 2 - (20 - (-10 - -14)).
-18
(-93 - -73) + 13 + -65
-72
-1019 - -1027 - (1 - (-59 - -1))
-51
What is 16 - (6 + (74 - (40 + -89)))?
-113
What is 0 - ((11 - -12) + -11 - (-4 - -37))?
21
What is the value of 15 - 19 - (10 + (-26 - -9) - -76 - 3)?
-70
What is 8 - (-9 - (-21 - -3) - 4) - -3?
6
Evaluate (-14 - -35) + (-26 - -23) + 3 + -19.
2
Calculate 16 + (26 + -8 - 31).
3
What is 3 + -54 - (4 + -1 + -2 + (26 - 20))?
-58
Evaluate (-34 - -61 - 18) + (-40 - -4).
-27
What is the value of (52 - (21 + -19)) + -50?
0
(-1 - 24 - -1) + 1 + -13
-36
What is -252 + 213 + 122 + 9?
92
18 - (-23 + (19 - -18) - -11) - (-1 + 47)
-53
-62 + -33 + 6 + (0 - -13) + 8
-68
What is 12 - ((33 - (-25 + 20)) + (-5 - 3))?
-18
(7 + -20 - (0 + -3) - -3) + -20 + 46
19
(19 - -24 - 26) + 6
23
What is the value of (3 - -9) + 866 + -892?
-14
What is the value of 4 + 4 - (-7 - -15) - -2 - -33?
35
13 + 6 + 20 + 1 + -13 + 5 + 3
35
What is the value of 65 - (12 + (0 - (7 - -3) - -6 - 7))?
64
What is (0 - 6) + 1 + -31 + 25 + 55?
44
Calculate 2842 + -2841 - (-10 + 0).
11
Evaluate -12 - (21 + -43 + 9 + (0 - (-2 + 1))).
0
What is the value of 57 + -8 + -63 + 78?
64
-10 - (24 + 2 + (5 - 26))
-15
What is (-1 - -60) + (73 - (144 + -76))?
64
Evaluate 55 - 0 - (87 - (-37 + 114)).
45
Calculate -16 + (-5 + -17 - (64 - 25)).
-77
(-7 + 3 - -28) + (-153 - -140) + -71 - -12
-48
Evaluate (-2 - (18 - -30)) + -18 + -20.
-88
What is (-34 - -23 - (-1 - (-9 + 6))) + 17?
4
Evaluate -27 - (-33 + 14 - 3 - -48).
-53
Evaluate 3 + -14 + (-3 - -14) - (-2 + 22).
-20
Evaluate 45 - (36 - -42) - -16.
-17
32 - (-33 + (-6 - -56))
15
(20 - (9 + -3 + -2)) + 33 + 9
58
-25 - (-9 + -9) - (-7 - 4)
4
Evaluate 83 + (-66 - 45) + 49.
21
96 - (128 + 13) - (-11 + 1)
-35
Evaluate 7 + 58 + -92 + 34.
7
What is (-2 - (-1 - (0 + -1)) - -18) + (-5661 - -5660)?
15
Evaluate 2 + (20 - 13 - 11) - 14.
-16
Calculate -20 + (24 - 3) + (38 - (-58 - -55)).
42
0 + 0 - -3 - (1 + -3) - (598 + -603)
10
Evaluate -42 - (-28 - -51 - 59).
-6
Calculate -44 + (-6 - (10 - (4 + 3) - (23 - 16))).
-46
What is the value of -2578 + 2607 - ((4 - 1) + -86)?
112
What is the value of 501 - 493 - (41 - 1) - -67?
35
Evaluate -21 + -5 + (3 - -1) + -38 + 37.
-23
Evaluate -12 + 26 - ((98 - 49) + (-1 - -2)).
-36
Evaluate (-54 - -15) + ((-13 - -6) + -2 - -7).
-41
Evaluate -1 + 2 - (-1 - -3) - (105 + -34 + -44).
-28
Calculate 13 + -6 + 3 + (26 - (-22 + -34)).
92
Calculate (-25 + 1 - -3 - -6) + -32 + 10.
-37
Calculate -72 - ((-30 - 0) + 1 + -19).
-24
What is -105 + 3 - (67 + -94 + 6)?
-81
What is the value of 11 + -29 - ((-6 - -11) + -80)?
57
Evaluate (3 - -1) + -5 + (432 - 442).
-11
What is -60 + 22 - -13 - (-6 - 70)?
51
(-65 + 0 - (-8 - -5)) + 2 - (-42 + 48)
-66
70 + 50 + -100 + -79
-59
-60 - -70 - -92 - (24 - -7)
71
Calculate 0 - 25 - (9 - 82 - -58).
-10
-30 - (-15 - (-28 - (-8 - 0)))
-35
What is -124 - (-35 - (139 + -138))?
-88
What is -53 + (34 - (58 - -7)) + 9?
-75
What is the value of 71 - (104 - (-10 + -39))?
-82
Calculate 27 + 16 + -148 - -48.
-57
Evaluate (3 - 45) + 14 + -30.
-58
Evaluate -9 - (-16 - (-12 + 18 + -54)).
-41
What is 3336 + -3358 + -6 + -99?
-127
Evaluate 4 - (-74 + 123) - (-16 + -8).
-21
What is -3 + 5 + 3 + -38 + (8 - 20)?
-45
Calculate (15 - (7 + 6)) + -5 - (36 - 8).
-31
What is (-3 - (-11 - 18)) + -19 + 84 + 5?
96
Calculate (-110 - (-26 + -264)) + -109.
71
What is the value of 5 - ((-63 + 12 - -53) + (1 - 1 - 1))?
4
24 + 16 + 8 + -48
0
Evaluate 26 + -78 + -2 + 7 + -14.
-61
Calculate (-130 - 2) + 1 + (-1147 + 1191 - (38 + -1)).
-124
Evaluate 3 + (-18 - -15 - -1 - 17) - 1.
-17
3 + (-3 - -2 - -4) + 18 + -20 + 11
15
What is -3 + 4 - (-258 + 239 + (12 - (-3 + 4)))?
9
What is the value of 0 + -1 + (-10 - (-4 + (9 - 12))) + -118?
-122
Calculate 8 + (3 + 32 - (-51 - -54)).
40
4 - (39 + 15) - (17 + -29)
-38
What is -31 + 32 + -1 + 44 + -2?
42
-24 + (18 - 7) - (21 + -1)
-33
-4 + -46 + 25 + 6 + -22
-41
Evaluate (-14 - (-1 - -1)) + (-76 + (-24 - -25) - 49).
-138
What is the value of 40 + -30 + (-22 - 5)?
-17
Calculate -36 - -5 - (99 + (-72 - 33)).
-25
What is the value of 26 - (-4 - (-8 - (0 - -4) - 7))?
11
What is the value of 24 + (1 - (-17 - -15)) + -10 + (-1 - 6)?
10
Calculate 182 - (79 + 31) - 105.
-33
Calculate -1 - (14 - 11) - ((28 - 52) + (0 - 0)).
20
What is the value of 2 + -48 + -8 + -13 + 15 + (2 - 5)?
-55
Calculate (17 - 36) + (4 - (-5 + -48)).
38
Calculate 33 + -16 + -29 - (-2 - 163) - 13.
140
What is the value of (-65 - -89) + -52 + 72?
44
Evaluate 54 - (65 - (19 - 21)).
-13
What is 109 + 42 + -166 + -1 + -7?
-23
What is 0 - (10 + -2) - (6 + 1 + -25)?
10
Calculate 11 + 13 + -10 + (-40 - (-10 - 4)).
-12
Evaluate (-37 + -40 + 28 - -30) + 16.
-3
What is -57 - ((6 - 2) + (-11 - (-1 + -6 + 2)))?
-55
What is the value of -23 + -70 + 30 + 19 - ((-4 - -2) + -5)?
-37
-6 - (22 - (50 + -21)) - (0 + -2)
3
Evaluate -20 + (0 - (-2 + (3 - 3 - -13))).
-31
What 